ors of 8158741.
1279, 6379
List the prime factors of 1027631.
11, 103, 907
List the prime factors of 2667769.
13, 205213
What are the prime factors of 547009?
17, 23, 1399
List the prime factors of 8443069.
8443069
List the prime factors of 560478.
2, 3, 109, 857
List the prime factors of 1229641.
7, 175663
List the prime factors of 144915.
3, 5, 9661
What are the prime factors of 420105?
3, 5, 7, 4001
What are the prime factors of 276972?
2, 3, 23081
What are the prime factors of 303807?
3, 7, 17, 23, 37
What are the prime factors of 14723162?
2, 1867, 3943
List the prime factors of 22008791.
7, 31, 14489
What are the prime factors of 80541?
3, 19, 157
What are the prime factors of 187769?
103, 1823
List the prime factors of 210005.
5, 97, 433
What are the prime factors of 1185808?
2, 13, 5701
List the prime factors of 29544400.
2, 5, 233, 317
What are the prime factors of 1799944?
2, 224993
List the prime factors of 15173435.
5, 17, 137, 1303
What are the prime factors of 1362487?
7, 59, 3299
What are the prime factors of 4866781?
97, 131, 383
What are the prime factors of 891365?
5, 23, 337
What are the prime factors of 3091167?
3, 19, 18077
List the prime factors of 1236692.
2, 309173
What are the prime factors of 7472277?
3, 109, 2539
What are the prime factors of 123216?
2, 3, 17, 151
What are the prime factors of 150523?
150523
What are the prime factors of 407767?
23, 17729
List the prime factors of 121051.
7, 17293
What are the prime factors of 224338?
2, 223, 503
List the prime factors of 1418380.
2, 5, 70919
What are the prime factors of 11817956?
2, 2954489
What are the prime factors of 1378404?
2, 3, 12763
List the prime factors of 21491547.
3, 7, 11, 13291
List the prime factors of 128767.
128767
List the prime factors of 16131075.
3, 5, 37, 5813
List the prime factors of 1058324.
2, 264581
List the prime factors of 2242688.
2, 7, 2503
List the prime factors of 83847.
3, 19, 1471
List the prime factors of 100021.
29, 3449
List the prime factors of 19423701.
3, 11, 31, 6329
List the prime factors of 344367.
3, 83, 461
List the prime factors of 137432.
2, 41, 419
List the prime factors of 18800792.
2, 2350099
List the prime factors of 250143.
3, 199, 419
List the prime factors of 596820.
2, 3, 5, 7, 29
What are the prime factors of 173818?
2, 233, 373
List the prime factors of 25184951.
11, 223, 10267
List the prime factors of 3404830.
2, 5, 11, 13, 2381
List the prime factors of 3905901.
3, 48221
List the prime factors of 436024.
2, 54503
List the prime factors of 3799597.
3799597
What are the prime factors of 328538?
2, 7, 31, 757
List the prime factors of 2955620.
2, 5, 17, 8693
List the prime factors of 29656.
2, 11, 337
What are the prime factors of 2571484?
2, 642871
List the prime factors of 1070320.
2, 5, 17, 787
List the prime factors of 28744993.
28744993
List the prime factors of 2089247.
29, 72043
What are the prime factors of 2196441?
3, 13, 18773
List the prime factors of 31904032.
2, 997001
What are the prime factors of 2500229?
19, 131591
List the prime factors of 4718501.
73, 109, 593
What are the prime factors of 239365?
5, 7, 977
What are the prime factors of 1616268?
2, 3, 367
What are the prime factors of 361943?
361943
List the prime factors of 60607.
60607
What are the prime factors of 148707?
3, 13, 31, 41
What are the prime factors of 12179465?
5, 2435893
What are the prime factors of 2076602?
2, 11, 8581
List the prime factors of 2577452.
2, 644363
What are the prime factors of 556001?
41, 71, 191
What are the prime factors of 4661169?
3, 1553723
What are the prime factors of 362383?
7, 51769
List the prime factors of 130977.
3, 7, 11
What are the prime factors of 171820?
2, 5, 11, 71
What are the prime factors of 428684?
2, 107171
What are the prime factors of 3462990?
2, 3, 5, 89, 1297
What are the prime factors of 437429?
41, 47, 227
What are the prime factors of 3187759?
3187759
What are the prime factors of 880861?
880861
List the prime factors of 105678.
2, 3, 19, 103
List the prime factors of 164393.
31, 5303
List the prime factors of 1028518.
2, 31, 53, 313
What are the prime factors of 230942?
2, 115471
What are the prime factors of 454219?
454219
What are the prime factors of 19521474?
2, 3, 7, 17, 19, 1439
What are the prime factors of 71570?
2, 5, 17, 421
What are the prime factors of 2460836?
2, 7, 87887
List the prime factors of 17912912.
2, 1119557
What are the prime factors of 382109?
7, 13, 17, 19
List the prime factors of 3247737.
3, 1082579
List the prime factors of 2028555.
3, 5, 61, 739
What are the prime factors of 111603?
3, 37201
What are the prime factors of 601196?
2, 150299
What are the prime factors of 6239725?
5, 249589
List the prime factors of 5455480.
2, 5, 29, 4703
What are the prime factors of 186203?
79, 2357
List the prime factors of 1107410.
2, 5, 37, 41, 73
What are the prime factors of 1504730?
2, 5, 150473
What are the prime factors of 38005?
5, 11, 691
List the prime factors of 466350.
2, 3, 5, 3109
What are the prime factors of 128259?
3, 14251
What are the prime factors of 603746?
2, 11, 13, 2111
What are the prime factors of 449594?
2, 224797
What are the prime factors of 5383442?
2, 2691721
What are the prime factors of 2036834?
2, 23, 44279
List the prime factors of 389092.
2, 11, 37, 239
What are the prime factors of 3133258?
2, 131, 11959
What are the prime factors of 162521?
331, 491
List the prime factors of 32440.
2, 5, 811
What are the prime factors of 2082118?
2, 109, 9551
What are the prime factors of 6015907?
6015907
List the prime factors of 443733.
3, 211, 701
What are the prime factors of 748797?
3, 7, 181, 197
List the prime factors of 770632.
2, 96329
List the prime factors of 20144899.
41, 491339
List the prime factors of 4303386.
2, 3, 19, 12583
What are the prime factors of 22455426?
2, 3, 7, 76379
List the prime factors of 1765279.
43, 61, 673
List the prime factors of 919930.
2, 5, 11, 8363
What are the prime factors of 6409875?
3, 5, 17093
List the prime factors of 1978295.
5, 11, 35969
List the prime factors of 67200.
2, 3, 5, 7
List the prime factors of 1717370.
2, 5, 199, 863
What are the prime factors of 167775?
3, 5, 2237
What are the prime factors of 2904687?
3, 107581
List the prime factors of 1184368.
2, 79, 937
List the prime factors of 144816.
2, 3, 7, 431
List the prime factors of 717772.
2, 11, 1483
List the prime factors of 63733.
17, 23, 163
What are the prime factors of 86042?
2, 11, 3911
What are the prime factors of 10362938?
2, 5181469
What are the prime factors of 26899777?
37, 727021
List the prime factors of 3447724.
2, 7, 59, 2087
What are the prime factors of 4454651?
151, 29501
What are the prime factors of 522092?
2, 130523
List the prime factors of 85306.
2, 13, 17, 193
What are the prime factors of 174771?
3, 6473
List the prime factors of 8638777.
7, 23, 53657
List the prime factors of 20382440.
2, 5, 13, 19, 2063
What are the prime factors of 153885?
3, 5, 10259
List the prime factors of 176038.
2, 88019
List the prime factors of 593596.
2, 148399
What are the prime factors of 12297229?
7, 1756747
List the prime factors of 14445310.
2, 5, 11, 131321
List the prime factors of 2496617.
103, 24239
What are the prime factors of 726955?
5, 145391
What are the prime factors of 1577748?
2, 3, 131479
List the prime factors of 170395.
5, 53, 643
List the prime factors of 809650.
2, 5, 16193
List the prime factors of 8053091.
8053091
List the prime factors of 231463.
231463
What are the prime factors of 4031786?
2, 11, 183263
What are the prime factors of 11464308?
2, 3, 101, 1051
What are the prime factors of 7512872?
2, 939109
What are the prime factors of 141660?
2, 3, 5, 787
What are the prime factors of 475916?
2, 7, 23, 739
What are the prime factors of 2296454?
2, 19, 223, 271
List the prime factors of 15103584.
2, 3, 5827
What are the prime factors of 387278?
2, 83, 2333
What are the prime factors of 215462?
2, 13, 8287
List the prime factors of 877856.
2, 7, 3919
What are the prime factors of 4027003?
487, 8269
List the prime factors of 104468.
2, 7, 13, 41
What are the prime factors of 753247?
11, 68477
What are the prime factors of 745686?
2, 3, 4603
List the prime factors of 11886315.
3, 5, 7, 17, 6659
Lis